 -7 + -10 + 15 - -3 - -57?
51
What is 41 + 0 + 2453 + -2510?
-16
55 + (9 - (-3 + 1)) + (18 - 33 - -5)
56
What is 37 + -52 + (26 - (0 - 1))?
12
-38 + 7 + 59 + (12 - 1)
39
What is (-21 - -66) + (-2 - (-3 - (7 + -4 + -3)))?
46
3 + -24 - (-46 + 13 + -28)
40
Calculate (22 - (-69 - -108)) + 108.
91
Evaluate -29 + ((4 - -7) + (9 - 25) - 2).
-36
What is the value of -63 + -90 + 103 + 202?
152
What is -2 + (-34 - (-20 + -3 - -22))?
-35
What is 4 + 4 + (819 - 809)?
18
Evaluate (66 - 139 - -58) + (-8 - (8 - 4) - -1).
-26
Evaluate (-99 + 305 - 83) + -241.
-118
What is (31 - (-1 - -2)) + 16 + -7 + -5 + -9?
25
Evaluate -70 + 47 - (-3 - (-9 - -33)).
4
Evaluate -4 - (11 + -27 + (15 - 11) + (-3 - -53)).
-42
What is 33 - 70 - -68 - (1 + -4 + 5 + -1)?
30
Calculate (-18 - -3) + -96 + (31 - 11) - -7.
-84
Calculate (-3 + -17 - -59) + -2.
37
Calculate -27 + 53 + (7 - 12) + -3 + 10.
28
23 - (59 + -58 + -55)
77
What is the value of 1 + (67 + (36 - 67) - 0)?
37
Calculate (-34 - 35) + 56 + 48.
35
-6 + -1 + -5 - (-46 + 50 + -1 + 19)
-34
What is 25 - (-16 - (-97 - -159))?
103
(12 - 26) + 3 + (-4 - 3 - (-2 + -13))
-3
Calculate 25 - (-14 - (3 + -26) - (-85 - -72)).
3
(19126 - 19125) + (-1 - (44 - 0))
-44
Calculate -13 - (-103 + -4 - (-18 - (12 + -13))).
77
Evaluate (3 - 5) + -6 + -2 - (-874 + 854).
10
What is (-5 + 4 - (2 + -1)) + (-28 - -9) + -50?
-71
What is (-15 + 46 - 83) + 3?
-49
What is 2 + (-8 - (-11 - -17 - 56 - 21))?
65
What is 16 + (15 - (-20 - -13)) + -2?
36
-26 + (7 - (12 + (37 - 30)))
-38
Calculate 41 + (38 - 92) - -45.
32
Evaluate -11 + (34 - (7 + (-10 - -2))) + 11.
35
Evaluate (91 - 0) + (-12 - (2 - -2) - -3).
78
What is 115 - (-26 + -19 + 116)?
44
What is 19 + (-160 - -6) + (-26 - (-45 - -18))?
-134
27 - -1 - (9 + -2 + 39 + -57)
39
Calculate -11 + (2 + -113 - ((-21 - -3) + (135 - 108))).
-131
Evaluate -2 - (-26 - (-9 - 20)) - (14 - 0).
-19
Calculate 5 - 31 - (-491 + 506).
-41
71 + (42 - 40) - 131
-58
Calculate 34 + (-102 - -36) - -46.
14
What is 72 + -11 + 97 + -63?
95
(66 - (-31 - -92)) + 60
65
Evaluate 449 + -451 + (-1 - 24) - -91.
64
Calculate -1 - (4 - -8) - (101 - 114 - (1 + -17)).
-16
Calculate (3 - -46) + -1 - (18 - (24 - 10 - -6)).
50
Calculate (13 - (219 - 210)) + (-1 + 1 - 19) + -27.
-42
What is (8 + 0 - -1) + (14 - 0) + 2875 + -2821?
77
What is the value of (7 - -9) + -8 + -90 + -12?
-94
What is the value of 907 + -944 - (4 + (12 - (-4 - (-4 - 3))))?
-50
-14 - (57 + (-6 - 33) - (1 + 11))
-20
(55 - -9) + -253 + 202 - (1 + -42)
54
Evaluate 4 + (9 - 0) + -161 + 53 + 151.
56
Calculate 12 - (18 - -11) - (12 + 6).
-35
66 - (4 + (-7 - -5 - (-11 + 30 + -15)))
68
What is the value of 17 - ((-6 - 20) + (148 - 127))?
22
-66 - (-41 - (-9 + 17))
-17
What is -78 + 1 + 32 + 57?
12
Evaluate -69 - (49 - 210 - -47).
45
What is the value of (-40 - -76) + 73 - 45?
64
Calculate -61 - (-30 - -74) - (-3 + -1 + (19 - 22)).
-98
What is the value of -35 - ((15 - -1) + -16)?
-35
-5 - -16 - 3 - 0 - (816 - 803)
-5
Evaluate (-3 - 10 - -4) + -507 + 555.
39
-556 + 558 - (-2 + 1 - (0 - -2 - 13))
-8
What is -6 + 10 + -1 - (1 + -3 - -11 - 37)?
31
0 + 8 - (-112 + -59 + 52 + (12 - -5))
110
What is 37 - (-37 - -48 - -58)?
-32
Evaluate (13 - 23 - (-12 + -19) - 14) + -119.
-112
Evaluate 0 - -9 - ((15 - (24 - 13)) + 16).
-11
What is (98 - -12) + -2 + (2 - 8) - -13?
115
(1 + 5 + -30 - -10) + 11 - (0 + -125)
122
What is 32 + ((-5 - (9 + -12 + 10)) + 0 - -9)?
29
0 - -79 - (-27 + -96 + 131)
71
What is the value of (1 - -58) + 2452 + -2486?
25
Evaluate (1 - (-1 - 3)) + 5 - (60 + 1 - 6).
-45
Evaluate -48 + 56 + -87 + -34.
-113
Calculate 24 - 43 - (-49 + 0) - 18.
12
Calculate ((-2 - (8 + -23)) + 4 - 6) + (-2 - -33).
42
-47 + 14 + (4 - 6) + 4
-31
What is the value of 4 + -43 - ((12 - (-3 + 33)) + 11)?
-32
What is the value of (-52 - (-67 + 42)) + -45?
-72
(1 - -47) + (42 - (115 + -101)) + 1 + -36
41
-5 - (-1 + 4) - (-33 - -57 - -7)
-39
Calculate 16 + 8 + -15 + -13.
-4
214 + -188 + (-4 - 23) - (-4 + 2 + -54)
55
-13 + 67 + -112 + 2 + 29
-27
Calculate -67 + 73 - (-12 - (2 - -40)).
60
What is -53 + (8 - 4) + (-76 - (-47 - 14))?
-64
What is the value of 0 + 12 + (32 + -107 - (-1 - -4))?
-66
What is the value of (27 - (81 + -62)) + (-32 - -3 - 1)?
-22
What is -13 + (29 - (46 + -21)) - -50?
41
Calculate (7 - -4) + -53 + (-11 - (-43 + 18)).
-28
Evaluate -1 + (3 - -29) + (1 - 0) + 175 + -172.
35
What is (-6 - (-10 - 2)) + (10 - 1) + -9 + 5?
11
What is -12 + -1 - (297 - 317) - 41?
-34
What is 174 + 39 + -146 + 30?
97
70 - (22 - 34 - -67)
15
Calculate -24 + 38 + -27 - (-29 + 4).
12
52 + (26 - (58 - 23))
43
What is the value of 61 + (20 - 34 - 8)?
39
What is -109 + 32 + 40 - 3?
-40
What is (-42 - -55 - (-37 - -21)) + -10 + 0?
19
Evaluate (-81 - 3 - (-497 - -510)) + 8 + -1.
-90
What is 1 + (-24 - -12) + 1?
-10
What is the value of 5 + 16 + -23 - (-165 - -266)?
-103
What is the value of 84 - (13 - (-27 - -64))?
108
738 - 660 - (26 + -15)
67
What is 2 - ((-22 - -3) + 10 - -21)?
-10
Calculate (3 - 8) + 3 - (10 + 5 + (5 - -1)).
-23
Evaluate 9 - (-1 - 6) - (-197 + 268).
-55
0 + -3 + 31 - (-73 + 43 + 26)
32
-40 - ((30 - 73) + 52 - -27)
-76
Evaluate (-32 - 1) + (-246 - -236) + 114.
71
Evaluate 5 + (-2 - 1 - (-11 - 9 - -26)) + -72.
-76
What is the value of 19 + 0 - (-74 + 108)?
-15
Calculate (7 - (-7 + -9)) + (5 - -11).
39
Calculate -28 + (-48 - (3 + -25) - -10).
-44
What is the value of -20 + 30 + -6 + 30 + 93?
127
Evaluate -3 + (5 - ((-2 - -5) + -8)) + -4.
3
(107 + -185 - -74) + -94
-98
Calculate (23 - 37) + -78 + 35.
-57
Calculate -2 + 0 + 12 - (-28 + 49 + 40 + -1).
-50
Evaluate -8 + 58 + 28 + -34.
44
2 - -33 - (6 + 19) - 28
-18
What is 4 - (53 - (8 - (15 - (8 - 6))))?
-54
What is -33 + -1 + 6 + (-37 + 51 - 7)?
-21
Evaluate 0 + 14 + (-39 - (89 - 98)) - -84.
68
-37 + (-5 - -38) + -70
-74
What is the value of (-48 - (2 - 1)) + -450 + 446 + -13 + 2?
-64
Evaluate -71 + -107 + 170 - (42 - (-1 - (0 + -1))).
-50
(30 + -11 - (-2 - 2)) + -9 + -44
-30
What is 46 + (4 - 28) - (-4 - (-16 - 2))?
8
What is the value of (-7 - 89) + (11 + 6 - 43 - -37)?
-85
-9 + 75 + (-12 - ((-1 - 5) + -7))
67
Evaluate 12 - 29 - -20 - -11 - (2 + 4 + -25).
33
Calculate (4 - -1 - -11) + (89 - 68).
37
-29 + -34 + -33 + 30 - 23
-89
What is the value of (-189 - -224 - (3 - -37)) + (-2 - -62 - 2)?
53
53 - (4 - (34 - 71))
12
Calculate 69 + 0 + (-204 - (4 + -170)).
31
What is 5 - (0 + (73 - 68 - (2 - -1)) - -41)?
-38
Evaluate 42 + (-58 - -68) + -24.
28
Calculate (0 - 0) + (-1 - -20) - (-71 + 14).
76
Calculate -12 - (11 + -7) - (-19 - (39 + -66)).
-24
What is (-6 - (3 - 9) - (-1 + -9 + -37)) + 1?
48
Calculate (154 - (10 - (3 + -5)) - 9) + -1 - -2.
134
What is the value of 51 + (-18 - -7) - (-6 - 4)?
50
What is (33 - -16 - 32) + 79?
96
What is -91 + (27 - 65) + (8 - 0) + (47 - 55)?
-129
What is the value of (10 - 8) + 204 + -163?
43
What is the value of 2 - 21 - (65 + -106 + 18)?
4
-32 - (-9 - ((9 + -6 - -5) + -9))
-24
-40 + 28 - (38 + -93 - (1 - -2))
46
What is ((20 - 2) + -5 - -5 - 9) + 47 + -152?
-96
What is 8 - (5 - -47 - (-24 + 8))?
-60
Calculate -1 + (15 - 3) - (1 + (9 - (-7 - -22))).
16
What is the value of -95 - (-90 - -39) - (-36 - 6)?
-2
Evaluate 6453 - 6461 - ((0 - 101) + 1).
92
What is the value of (-32 + 6 - (17 + -31)) + 8 + 11?
7
Evaluate -52 - (6 + (5 - 11)) - (-19 + 4 + 5).
-42
Evaluate 4 - 1 - ((8 - 39 - -37) + -2 + 33).
-34
What is the value of 30 - -4 - (67 + 15) - 4?
-52
What is the value of (-3 + 1 - -3 - (-279 + 293)) + 24?
11
What is (14 - (6 + -13 - -1) - 10) + -45 + -3?
-38
Evaluate 78 + (-280 + 102 - -26).
-74
What is the value of -1 + -18 - (-35 - (-85 + 143)) - 5?
69
What is the value of 2 + 36 - (76 - 48) - 7?
3
Calculate (-15 + -5 + 38 - 49) + 15.
-16
8 + 37 + -56 + 0 + -3 + 3 + -57
-68
What is 1 - -2 - (7 + -20 - -8 - -17) - -47?
38
What is the value of -1561 + 1574 + (-5 - -2) + 1?
11
What is -8 + (35 - (-18 - (2 - (-6 - -4) - 13)))?
36
Evaluate 45 - (-69 + 143 + -113).
84
What is the value of -12 - -22 - 30 - -9 - (-3 + -42)?
34
Calculate (-2 - 10) + -8 + -15 + 22 + -67.
-80
Evaluate 10 + (9 - 8 - -13) - 10.
14
What is the value of (8604 - 8623) + (0 - 15)?
-34
Evaluate -8 + (-4 - -6) - ((-29 - 19) + (-19 - 19)).
80
Calculate -6 - (134 - -46) - -86.
-100
Evaluate -434 + 433 - (21 + 6 + -6).
-22
(4 - -46) + (88 - (141